{"id":640,"date":"2022-10-23T10:53:03","date_gmt":"2022-10-23T08:53:03","guid":{"rendered":"https:\/\/grafix-dezign.de\/tfi-ingenieure\/?page_id=640"},"modified":"2025-06-25T16:55:06","modified_gmt":"2025-06-25T14:55:06","slug":"max-planck-institut-fuer-herz-und-lungenforschung-bad-nauheim","status":"publish","type":"page","link":"https:\/\/tfi-ingenieure.de\/content\/max-planck-institut-fuer-herz-und-lungenforschung-bad-nauheim\/","title":{"rendered":"Max-Planck-Institut f\u00fcr Herz- und Lungenforschung, Bad Nauheim"},"content":{"rendered":"\n<div id=\"section-g6c6e41\" class=\"wp-block-gutentor-e6 section-g6c6e41 gutentor-element gutentor-element-image\"><div class=\"gutentor-element-image-box\"><div class=\"gutentor-bg-image\"><\/div><\/div><\/div>\n\n\n\n<section id=\"gm7b9c0b9\" class=\"wp-block-gutentor-m4 section-gm7b9c0b9 gutentor-module gutentor-advanced-columns has-image-bg has-custom-bg\"><div class=\"grid-container\"><div class=\"grid-row\">\n<div id=\"col-gm3c596b\" class=\"wp-block-gutentor-m4-col col-gm3c596b gutentor-single-column  grid-lg-12 grid-md-12 grid-12\"><div id=\"section-gm3c596b\" class=\"section-gm3c596b gutentor-col-wrap\">\n<div id=\"section-g1c8233\" class=\"wp-block-gutentor-e1 section-g1c8233 gutentor-element gutentor-element-advanced-text\"><div class=\"gutentor-text-wrap\"><p class=\"gutentor-text\"><a href=\"https:\/\/tfi-ingenieure.de\/content\/referenzen\/\" data-type=\"page\">Projektauswahl<\/a>  I  <a href=\"https:\/\/tfi-ingenieure.de\/content\/institutsgebaeude\/\" data-type=\"page\">Forschungsbauten<\/a>  I  <a href=\"https:\/\/tfi-ingenieure.de\/content\/laborbauten\/\" data-type=\"page\">Laborbauten<\/a>  I  <a href=\"https:\/\/tfi-ingenieure.de\/content\/baudenkmaeler\/\" data-type=\"page\"><span style=\"color:#024484\" class=\"has-inline-color\"><strong>Baudenkm\u00e4ler<\/strong><\/span><\/a>  I  <a href=\"https:\/\/tfi-ingenieure.de\/content\/dienstgebaeude\/\" data-type=\"page\">Dienstgeb\u00e4ude<\/a>  I  <a href=\"https:\/\/tfi-ingenieure.de\/content\/bildungseinrichtungen\/\" data-type=\"page\">Bildungseinrichtungen<\/a>  <\/p><\/div><\/div>\n\n\n\n<div id=\"section-g5860da\" class=\"wp-block-gutentor-e1 section-g5860da gutentor-element gutentor-element-advanced-text\"><div class=\"gutentor-text-wrap\"><h3 class=\"gutentor-text\">Max-Planck-Institut f\u00fcr Herz- und Lungenforschung, Bad Nauheim<\/h3><\/div><\/div>\n\n\n\n<div id=\"section-g5ad290\" class=\"wp-block-gutentor-e1 section-g5ad290 gutentor-element gutentor-element-advanced-text\"><div class=\"gutentor-text-wrap\"><h4 class=\"gutentor-text\">Sanierung denkmalgesch\u00fctzter Altbau, Sanierung H\u00f6rsaalgeb\u00e4ude<\/h4><\/div><\/div>\n\n\n\n<section id=\"gm06dc022\" class=\"wp-block-gutentor-m4 section-gm06dc022 gutentor-module gutentor-advanced-columns\"><div class=\"grid-container\"><div class=\"grid-row\">\n<div id=\"col-gm1bfd01\" class=\"wp-block-gutentor-m4-col col-gm1bfd01 gutentor-single-column  grid-lg-6 grid-md-12 grid-12\"><div id=\"section-gm1bfd01\" class=\"section-gm1bfd01 gutentor-col-wrap\">\n<div id=\"section-gd895c0\" class=\"wp-block-gutentor-e1 section-gd895c0 gutentor-element gutentor-element-advanced-text\"><div class=\"gutentor-text-wrap\"><p class=\"gutentor-text\"><strong>Bauherr<\/strong><br>Max-Planck-Gesellschaft zur F\u00f6rderung der Wissenschaften e.V., M\u00fcnchen<br><br><strong>Zeitraum<\/strong><br>2008 \u2013 2019<br><br><strong>Leistungsphasen<\/strong><br>2 &#8211; 8<br><br><strong>Baukosten<\/strong> <strong>Elektrotechnik<\/strong><br>ca. 2,52 Mio. \u20ac<br><br><strong>Unsere Leistungen<\/strong><br>Starkstromanlagen<br>Fernmelde-\/Informationstechnik<br>F\u00f6rdertechnik<br><br>Vorplanung \u2013 Entwurfsplanung \u2013 Ausf\u00fchrungsplanung \u2013 Vergabe \u2013 Objekt\u00fcberwachung<\/p><\/div><\/div>\n<\/div><\/div>\n\n\n\n<div id=\"col-gm6ba0bf\" class=\"wp-block-gutentor-m4-col col-gm6ba0bf gutentor-single-column  grid-lg-6 grid-md-12 grid-12\"><div id=\"section-gm6ba0bf\" class=\"section-gm6ba0bf gutentor-col-wrap\">\n<div id=\"section-gee62a8\" class=\"wp-block-gutentor-e6 section-gee62a8 gutentor-element gutentor-element-image\"><div class=\"gutentor-element-image-box\"><div class=\"gutentor-image-thumb\"><img decoding=\"async\" class=\"normal-image\" src=\"https:\/\/tfi-ingenieure.de\/content\/wp-content\/uploads\/2022\/10\/max-planck-1.jpg\" \/><\/div><\/div><\/div>\n\n\n\n<div id=\"section-gdc87cc\" class=\"wp-block-gutentor-e6 section-gdc87cc gutentor-element gutentor-element-image\"><div class=\"gutentor-element-image-box\"><div class=\"gutentor-image-thumb\"><img decoding=\"async\" class=\"normal-image\" src=\"https:\/\/tfi-ingenieure.de\/content\/wp-content\/uploads\/2022\/10\/max-planck-2.jpg\" \/><\/div><\/div><\/div>\n<\/div><\/div>\n<\/div><\/div><\/section>\n<\/div><\/div>\n<\/div><\/div><\/section>\n","protected":false},"excerpt":{"rendered":"","protected":false},"author":2,"featured_media":0,"parent":0,"menu_order":0,"comment_status":"closed","ping_status":"closed","template":"template-gutentor-full-width.php","meta":{"footnotes":""},"class_list":["post-640","page","type-page","status-publish","hentry"],"_links":{"self":[{"href":"https:\/\/tfi-ingenieure.de\/content\/wp-json\/wp\/v2\/pages\/640","targetHints":{"allow":["GET"]}}],"collection":[{"href":"https:\/\/tfi-ingenieure.de\/content\/wp-json\/wp\/v2\/pages"}],"about":[{"href":"https:\/\/tfi-ingenieure.de\/content\/wp-json\/wp\/v2\/types\/page"}],"author":[{"embeddable":true,"href":"https:\/\/tfi-ingenieure.de\/content\/wp-json\/wp\/v2\/users\/2"}],"replies":[{"embeddable":true,"href":"https:\/\/tfi-ingenieure.de\/content\/wp-json\/wp\/v2\/comments?post=640"}],"version-history":[{"count":13,"href":"https:\/\/tfi-ingenieure.de\/content\/wp-json\/wp\/v2\/pages\/640\/revisions"}],"predecessor-version":[{"id":1898,"href":"https:\/\/tfi-ingenieure.de\/content\/wp-json\/wp\/v2\/pages\/640\/revisions\/1898"}],"wp:attachment":[{"href":"https:\/\/tfi-ingenieure.de\/content\/wp-json\/wp\/v2\/media?parent=640"}],"curies":[{"name":"wp","href":"https:\/\/api.w.org\/{rel}","templated":true}]}}